{"id":530,"date":"2025-02-04T14:42:03","date_gmt":"2025-02-04T14:42:03","guid":{"rendered":"https:\/\/siliconsoftwares.in\/?page_id=530"},"modified":"2026-01-15T16:56:07","modified_gmt":"2026-01-15T16:56:07","slug":"vertical-landing","status":"publish","type":"page","link":"https:\/\/siliconsoftwares.in\/","title":{"rendered":"vertical-landing"},"content":{"rendered":"\t\t<div data-elementor-type=\"wp-page\" data-elementor-id=\"530\" class=\"elementor elementor-530\" data-elementor-post-type=\"page\">\n\t\t\t\t<div class=\"elementor-element elementor-element-6cb2b7e e-con-full e-flex e-con e-parent\" data-id=\"6cb2b7e\" data-element_type=\"container\" data-settings=\"{&quot;position&quot;:&quot;fixed&quot;,&quot;background_background&quot;:&quot;classic&quot;}\">\n\t\t\t\t<div class=\"elementor-element elementor-element-4486ff0 elementor-nav-menu__align-center elementor-nav-menu--dropdown-tablet elementor-nav-menu__text-align-aside elementor-nav-menu--toggle elementor-nav-menu--burger elementor-widget elementor-widget-nav-menu\" data-id=\"4486ff0\" data-element_type=\"widget\" data-settings=\"{&quot;layout&quot;:&quot;horizontal&quot;,&quot;submenu_icon&quot;:{&quot;value&quot;:&quot;&lt;svg class=\\&quot;e-font-icon-svg e-fas-caret-down\\&quot; viewBox=\\&quot;0 0 320 512\\&quot; xmlns=\\&quot;http:\\\/\\\/www.w3.org\\\/2000\\\/svg\\&quot;&gt;&lt;path d=\\&quot;M31.3 192h257.3c17.8 0 26.7 21.5 14.1 34.1L174.1 354.8c-7.8 7.8-20.5 7.8-28.3 0L17.2 226.1C4.6 213.5 13.5 192 31.3 192z\\&quot;&gt;&lt;\\\/path&gt;&lt;\\\/svg&gt;&quot;,&quot;library&quot;:&quot;fa-solid&quot;},&quot;toggle&quot;:&quot;burger&quot;}\" data-widget_type=\"nav-menu.default\">\n\t\t\t\t<div class=\"elementor-widget-container\">\n\t\t\t\t\t\t\t\t<nav aria-label=\"Menu\" class=\"elementor-nav-menu--main elementor-nav-menu__container elementor-nav-menu--layout-horizontal e--pointer-underline e--animation-slide\">\n\t\t\t\t<ul id=\"menu-1-4486ff0\" class=\"elementor-nav-menu\"><li class=\"menu-item menu-item-type-post_type menu-item-object-page menu-item-699\"><a href=\"https:\/\/siliconsoftwares.in\/index.php\/home\/\" class=\"elementor-item\">Home<\/a><\/li>\n<li class=\"menu-item menu-item-type-post_type menu-item-object-page menu-item-698\"><a href=\"https:\/\/siliconsoftwares.in\/index.php\/about-us\/\" class=\"elementor-item\">About Us<\/a><\/li>\n<li class=\"menu-item menu-item-type-post_type menu-item-object-page menu-item-697\"><a href=\"https:\/\/siliconsoftwares.in\/index.php\/contact-us\/\" class=\"elementor-item\">Contact Us<\/a><\/li>\n<\/ul>\t\t\t<\/nav>\n\t\t\t\t\t<div class=\"elementor-menu-toggle\" role=\"button\" tabindex=\"0\" aria-label=\"Menu Toggle\" aria-expanded=\"false\">\n\t\t\t<svg aria-hidden=\"true\" role=\"presentation\" class=\"elementor-menu-toggle__icon--open e-font-icon-svg e-eicon-menu-bar\" viewBox=\"0 0 1000 1000\" xmlns=\"http:\/\/www.w3.org\/2000\/svg\"><path d=\"M104 333H896C929 333 958 304 958 271S929 208 896 208H104C71 208 42 237 42 271S71 333 104 333ZM104 583H896C929 583 958 554 958 521S929 458 896 458H104C71 458 42 487 42 521S71 583 104 583ZM104 833H896C929 833 958 804 958 771S929 708 896 708H104C71 708 42 737 42 771S71 833 104 833Z\"><\/path><\/svg><svg aria-hidden=\"true\" role=\"presentation\" class=\"elementor-menu-toggle__icon--close e-font-icon-svg e-eicon-close\" viewBox=\"0 0 1000 1000\" xmlns=\"http:\/\/www.w3.org\/2000\/svg\"><path d=\"M742 167L500 408 258 167C246 154 233 150 217 150 196 150 179 158 167 167 154 179 150 196 150 212 150 229 154 242 171 254L408 500 167 742C138 771 138 800 167 829 196 858 225 858 254 829L496 587 738 829C750 842 767 846 783 846 800 846 817 842 829 829 842 817 846 804 846 783 846 767 842 750 829 737L588 500 833 258C863 229 863 200 833 171 804 137 775 137 742 167Z\"><\/path><\/svg>\t\t<\/div>\n\t\t\t\t\t<nav class=\"elementor-nav-menu--dropdown elementor-nav-menu__container\" aria-hidden=\"true\">\n\t\t\t\t<ul id=\"menu-2-4486ff0\" class=\"elementor-nav-menu\"><li class=\"menu-item menu-item-type-post_type menu-item-object-page menu-item-699\"><a href=\"https:\/\/siliconsoftwares.in\/index.php\/home\/\" class=\"elementor-item\" tabindex=\"-1\">Home<\/a><\/li>\n<li class=\"menu-item menu-item-type-post_type menu-item-object-page menu-item-698\"><a href=\"https:\/\/siliconsoftwares.in\/index.php\/about-us\/\" class=\"elementor-item\" tabindex=\"-1\">About Us<\/a><\/li>\n<li class=\"menu-item menu-item-type-post_type menu-item-object-page menu-item-697\"><a href=\"https:\/\/siliconsoftwares.in\/index.php\/contact-us\/\" class=\"elementor-item\" tabindex=\"-1\">Contact Us<\/a><\/li>\n<\/ul>\t\t\t<\/nav>\n\t\t\t\t\t\t<\/div>\n\t\t\t\t<\/div>\n\t\t\t\t<\/div>\n\t\t<div class=\"elementor-element elementor-element-25cf5bc e-con-full e-flex e-con e-parent\" data-id=\"25cf5bc\" data-element_type=\"container\" id=\"landing-page\" data-settings=\"{&quot;background_background&quot;:&quot;classic&quot;}\">\n\t\t\t\t<div class=\"elementor-element elementor-element-36d48a2 elementor-widget__width-initial elementor-widget elementor-widget-eael-image-accordion\" data-id=\"36d48a2\" data-element_type=\"widget\" data-widget_type=\"eael-image-accordion.default\">\n\t\t\t\t<div class=\"elementor-widget-container\">\n\t\t\t\t\t    <div class=\"eael-img-accordion accordion-direction-horizontal eael-img-accordion-horizontal-align-center eael-img-accordion-vertical-align-center\" id=\"eael-img-accordion-36d48a2\" data-img-accordion-id=\"36d48a2\" data-img-accordion-type=\"on-hover\">\n                    \n            <div class=\"eael-image-accordion-hover eael-image-accordion-item\" style=\"background-image: url(https:\/\/siliconsoftwares.in\/wp-content\/uploads\/2025\/02\/1.jpg);\"  tabindex=\"0\">\n                <div class=\"overlay\">\n                    <div class=\"overlay-inner \">\n                        <h3 class=\"img-accordion-title\">Legal &amp; Regulatory<\/h3>                            <p><p><img decoding=\"async\" class=\"alignnone logoslide\" src=\"https:\/\/siliconsoftwares.in\/wp-content\/uploads\/2025\/02\/logo-cyinov-Photoroom-1-300x96.png\" alt=\"\" width=\"300\" height=\"96\" \/>Compliances<\/p><ul class=\"custommenu\"><li><a href=\"#\">Menu 1<\/a><\/li><li><a href=\"#\">Menu 2<\/a><\/li><li><a href=\"#\">Menu 3<\/a><\/li><\/ul><\/p>\n                                            <\/div>\n                <\/div>\n            <\/div>\n                    \n            <div class=\"eael-image-accordion-hover eael-image-accordion-item overlay-active\" style=\"background-image: url(https:\/\/siliconsoftwares.in\/wp-content\/uploads\/2025\/02\/2.jpg); flex: 3 1 0%;\"  tabindex=\"0\">\n                <div class=\"overlay\">\n                    <div class=\"overlay-inner  overlay-inner-show\">\n                        <h3 class=\"img-accordion-title\">Human Capital<\/h3>                            <p><p><img decoding=\"async\" class=\"alignnone logoslide\" src=\"https:\/\/siliconsoftwares.in\/wp-content\/uploads\/2025\/02\/logo-cyinov-Photoroom-1-300x96.png\" alt=\"\" width=\"300\" height=\"96\" \/><\/p><p>Management<\/p><ul class=\"custommenu\"><li><a href=\"#\">Menu 1<\/a><\/li><li><a href=\"#\">Menu 2<\/a><\/li><li><a href=\"#\">Menu 3<\/a><\/li><\/ul><\/p>\n                                            <\/div>\n                <\/div>\n            <\/div>\n                    \n            <div class=\"eael-image-accordion-hover eael-image-accordion-item\" style=\"background-image: url(https:\/\/siliconsoftwares.in\/wp-content\/uploads\/2025\/02\/3.jpg);\"  tabindex=\"0\">\n                <div class=\"overlay\">\n                    <div class=\"overlay-inner \">\n                        <h3 class=\"img-accordion-title\">Market and Product<\/h3>                            <p><p><img decoding=\"async\" class=\"alignnone logoslide\" src=\"https:\/\/siliconsoftwares.in\/wp-content\/uploads\/2025\/02\/logo-cyinov-Photoroom-1-300x96.png\" alt=\"\" width=\"300\" height=\"96\" \/><\/p><p>Research<\/p><ul class=\"custommenu\"><li><a href=\"#\">Menu 1<\/a><\/li><li><a href=\"#\">Menu 2<\/a><\/li><li><a href=\"#\">Menu 3<\/a><\/li><\/ul><\/p>\n                                            <\/div>\n                <\/div>\n            <\/div>\n                    \n            <div class=\"eael-image-accordion-hover eael-image-accordion-item\" style=\"background-image: url(https:\/\/siliconsoftwares.in\/wp-content\/uploads\/2025\/02\/4.jpg);\"  tabindex=\"0\">\n                <div class=\"overlay\">\n                    <div class=\"overlay-inner \">\n                        <h3 class=\"img-accordion-title\">Tax<\/h3>                            <p><p><img decoding=\"async\" class=\"alignnone logoslide\" src=\"https:\/\/siliconsoftwares.in\/wp-content\/uploads\/2025\/02\/logo-cyinov-Photoroom-1-300x96.png\" alt=\"\" width=\"300\" height=\"96\" \/><\/p><p>Advisory<\/p><ul class=\"custommenu\"><li><a href=\"#\">Menu 1<\/a><\/li><li><a href=\"#\">Menu 2<\/a><\/li><li><a href=\"#\">Menu 3<\/a><\/li><\/ul><\/p>\n                                            <\/div>\n                <\/div>\n            <\/div>\n                <\/div>\n        <style typr=\"text\/css\">\n                    #eael-img-accordion-36d48a2 .eael-image-accordion-hover:hover {\n                        flex: 3 1 0% !important;\n                    }\n                    #eael-img-accordion-36d48a2 .eael-image-accordion-hover:hover:hover .overlay-inner * {\n                        opacity: 1;\n                        visibility: visible;\n                        transform: none;\n                        transition: all .3s .3s;\n                    }\n                <\/style>\t\t\t\t<\/div>\n\t\t\t\t<\/div>\n\t\t\t\t<\/div>\n\t\t\t\t<\/div>\n\t\t","protected":false},"excerpt":{"rendered":"<p>\u0421\u0430\u043c\u044b\u0439 \u043f\u0440\u043e\u0441\u0442\u043e\u0439 \u043f\u0440\u0438\u0435\u043c &#8211; \u043e\u0442\u043a\u0440\u044b\u0442\u044c \u043d\u0430\u0448 \u0440\u0435\u0441\u0443\u0440\u0441 \u0438 \u043d\u0430\u0439\u0442\u0438 \u0430\u043a\u0442\u0443\u0430\u043b\u044c\u043d\u043e\u0435 \u0437\u0435\u0440\u043a\u0430\u043b\u043e \u0432 \u0441\u043e\u043e\u0442\u0432\u0435\u0442\u0441\u0442\u0432\u0443\u044e\u0449\u0435\u043c \u0440\u0430\u0437\u0434\u0435\u043b\u0435. &#8211; 1win casino &#8211; 22bet casino login Nie Zaakceptowa\u0107 zale\u017cy to od kasyna, jednak od momentu pracy programu bankowego. &#8211; ice casino &#8211; olybet suertia Possuindo ela, ali\u00e1s, voc\u00ea gerencia suas informa\u00e7\u00f5es e apostas com total vistoria e praticidade. &#8211; realsbet [&hellip;]<\/p>\n","protected":false},"author":1,"featured_media":0,"parent":0,"menu_order":0,"comment_status":"closed","ping_status":"closed","template":"elementor_canvas","meta":{"footnotes":""},"class_list":["post-530","page","type-page","status-publish","hentry"],"_links":{"self":[{"href":"https:\/\/siliconsoftwares.in\/index.php\/wp-json\/wp\/v2\/pages\/530","targetHints":{"allow":["GET"]}}],"collection":[{"href":"https:\/\/siliconsoftwares.in\/index.php\/wp-json\/wp\/v2\/pages"}],"about":[{"href":"https:\/\/siliconsoftwares.in\/index.php\/wp-json\/wp\/v2\/types\/page"}],"author":[{"embeddable":true,"href":"https:\/\/siliconsoftwares.in\/index.php\/wp-json\/wp\/v2\/users\/1"}],"replies":[{"embeddable":true,"href":"https:\/\/siliconsoftwares.in\/index.php\/wp-json\/wp\/v2\/comments?post=530"}],"version-history":[{"count":95,"href":"https:\/\/siliconsoftwares.in\/index.php\/wp-json\/wp\/v2\/pages\/530\/revisions"}],"predecessor-version":[{"id":2374,"href":"https:\/\/siliconsoftwares.in\/index.php\/wp-json\/wp\/v2\/pages\/530\/revisions\/2374"}],"wp:attachment":[{"href":"https:\/\/siliconsoftwares.in\/index.php\/wp-json\/wp\/v2\/media?parent=530"}],"curies":[{"name":"wp","href":"https:\/\/api.w.org\/{rel}","templated":true}]}}